 is divided by 15?
12
Suppose -59 + 7 = -2*g. Let c = 135 + -128. Calculate the remainder when g is divided by c.
5
Suppose -2*v - 4*i - 22 = -0*v, 0 = -3*v + i - 33. Let d = v + 28. Calculate the remainder when 65 is divided by d.
14
Let x be 3*(5 - (-1 + 5)). Suppose 0*o - 15 = x*o. What is the remainder when 15 is divided by o/15*2*-6?
3
Let q(w) = -w**2 - 20*w - 12. Let a(s) = 3*s + 47. What is the remainder when q(-13) is divided by a(-9)?
19
Let v(d) = 5*d**2 + 5*d + 31. What is the remainder when v(-10) is divided by 69?
67
Suppose 0 = b - 4*b + 60. Let g = 507 - 319. Let r = 286 - g. What is the remainder when r is divided by b?
18
Let f be (5 - 3)/(2/8). Let h = 13 - f. Suppose -2*o + c + 3 = 0, 3*o - h = 3*c + 1. Calculate the remainder when 1 is divided by o.
0
Let f = 58 - 20. Suppose c = 2*g - f, -2*g + 7*g + 2*c = 104. What is the remainder when g is divided by 7?
6
Suppose 5 - 55 = -10*q. Calculate the remainder when 2/q*5*62/4 is divided by 12.
7
Suppose -5*w + 7 = d, -4*w + 9*w - 2*d = 16. Suppose -2 = w*i - 4. Suppose 227*v - 225*v = 2. Calculate the remainder when i is divided by v.
0
Suppose -3*z + 4*q = 7 + 9, -4*z = -3*q + 19. Let m = -2 + z. Let x(s) = -s**2 - 11*s + 5. What is the remainder when x(m) is divided by 9?
8
Let j(f) = -f**3 - 7*f**2 - 7*f + 7. Let u = 830 - 792. What is the remainder when u is divided by j(-6)?
12
Let o(w) = 2*w**3 - 6*w - 4. Let b be o(-4). What is the remainder when 7 is divided by (-297)/b + -2 + (-10)/(-8)?
1
What is the remainder when 125 is divided by (0 + (-15)/(-2))/(867/2312)?
5
Suppose 9 = w - 3. Let h(q) = 2*q**3 - 8*q**2 - 5*q - 6. Let r be h(5). Let f = 24 - r. What is the remainder when w is divided by f?
2
Suppose 20 = 4*m + 4*u, -5*m - 5 = -3*m - u. Suppose -5*v + 335 = -5*w, 3*v - 7*v - 4*w + 300 = m. What is the remainder when v is divided by 18?
17
Let l be 0 + -20*(-2)/1. Let a = -26 + l. Let r = -137 - -204. Calculate the remainder when r is divided by a.
11
Let z(w) = w**3 + 33*w**2 + 32*w + 19. What is the remainder when z(-32) is divided by 16?
3
Let q(s) = -330*s + 3. Let z be q(-4). Suppose 0*l + z = 9*l. What is the remainder when l is divided by 30?
27
Let u = 144 - 99. Let p = 64 - u. Suppose l + 1 = p. Calculate the remainder when 53 is divided by l.
17
Suppose 0 = -r - o + 4, -16 = -3*r + o + 8. Calculate the remainder when r/(-21)*(-2 - 16) is divided by 4.
2
Let x = 1616 + -1158. Calculate the remainder when x is divided by 92.
90
Let n = 113 + -22. What is the remainder when n is divided by 19?
15
Suppose -232 = -12*h + 4*h. Suppose -3*i = 2*i - 80. Calculate the remainder when h is divided by i.
13
Let d(p) = 8*p - 80. What is the remainder when 199 is divided by d(15)?
39
Calculate the remainder when (-13395)/19*3/(-9) is divided by 48.
43
Let y(a) = -30*a + 456. Calculate the remainder when 77 is divided by y(15).
5
Let l(c) = -c**3 + 8*c**2 - 9*c - 8. Let f be l(6). Suppose 9 = 11*n - f*n. Calculate the remainder when n is divided by 5.
4
Let a = 105 - 50. Suppose i - 4*y = 22, 0 = -4*i + 4*y + 21 + a. What is the remainder when i is divided by 7?
4
Suppose 8*n + 31 = 135. Suppose 1353 - 170 = n*i. What is the remainder when i is divided by 31?
29
Let c = -300 - -515. Calculate the remainder when c is divided by 44.
39
Calculate the remainder when (-12)/(-1 + -5) + 53 + 2 is divided by (2/2)/(1/20).
17
Let t(g) = 12*g**2 + 83*g + 9. Calculate the remainder when 1181 is divided by t(-7).
13
Suppose -q = -0 - 23. Suppose q - 88 = -5*p. What is the remainder when p is divided by 7?
6
Suppose 5*v = 9 + 21. Suppose 0 = 5*c - 5*o + 5, 2*c - o - 1 = 1. Suppose c*n = 4*n - 21. What is the remainder when n is divided by v?
3
Suppose 7 = 6*n - 17. Suppose -5*o - 2*r = 3*r - 170, n*r = -20. What is the remainder when 111 is divided by o?
33
Suppose 4*m - 3*m - 60 = 0. What is the remainder when m is divided by 1/(-2) - (-66)/4?
12
Let u = -1074 - -1082. Let i(v) = 3*v**3 - 4*v**2 + 1. Calculate the remainder when i(3) is divided by u.
6
Suppose 5*q = 53 + 412. Let h = -54 + q. What is the remainder when 154 is divided by h?
37
Let w(n) = 9*n - 3. Let z be w(4). Suppose c + 39 = a + 5*c, -z = -2*a + c. Calculate the remainder when a is divided by 7.
5
Let t = -57 - -56. Calculate the remainder when 66 is divided by (0 + 17)*(t - -2).
15
Suppose 30*y - 28*y = 250. What is the remainder when y is divided by 18?
17
Suppose s = 3*v - 460, -25 = -5*s - 0. Calculate the remainder when v is divided by 13.
12
Suppose 162 = 3*x - q, -x - 4*x - 4*q + 287 = 0. What is the remainder when 273 is divided by x?
53
Let j be 6/(-24) - 51/(-12). Suppose -3*r - 7 = -j*f, -13 = 3*r + 5*f - 42. Suppose 0 = -x + r*x - 50. Calculate the remainder when 48 is divided by x.
23
Suppose 100 = -a + 6*a. Calculate the remainder when a is divided by (-136)/(-17)*2/4.
0
Let s be (12/10)/((-33)/(-55)). Let g(q) = -q**3 + 6*q**2 + 2*q - 9. Let d be g(6). Let r = d - s. What is the remainder when 4 is divided by r?
0
Suppose -74*a + 67*a + 196 = 0. What is the remainder when 271 is divided by a?
19
Suppose 0 = -25*o + 26*o - 4*t - 3, -5*o + 3*t + 66 = 0. Calculate the remainder when 52 - (-1 + -1)*-1 is divided by o.
5
Suppose -181*s + 141*s + 120 = 0. Calculate the remainder when 29 is divided by s.
2
Suppose -1021*d + 1040*d - 1235 = 0. Calculate the remainder when 123 is divided by d.
58
Let s be (-59)/7 - 3/(-7). What is the remainder when (44 - -2)*(-4)/s is divided by 52/(-6)*12/(-8)?
10
What is the remainder when 54/(-8)*(-616)/42 is divided by 55?
44
Suppose -50 = -5*b - 5*o, 5*o - 24 = 1. Suppose -3*s - 1 = -3*n + 20, 0 = n - 2*s - 9. What is the remainder when n is divided by b?
0
Let k be (12/(-9))/((-2)/6). Suppose -4*g - 62 = -2*l - 4, k*g = -2*l + 34. Calculate the remainder when 89 is divided by l.
20
Let m = 6 + -30. Let l = m - -40. Let y(o) = 3*o**2 + 4*o + 5. Calculate the remainder when l is divided by y(-2).
7
Suppose 0 = 5*w - 22 - 3. Suppose c + c = 2*t - 148, -t - w*c + 50 = 0. Suppose -n = 7 - 32. What is the remainder when t is divided by n?
20
Suppose -w + y + 38 = 0, -3*w + 17 = -2*y - 94. What is the remainder when w is divided by (-302 - -311)*(-7)/(-3)?
14
Let y be 0 + 2/(-2) + (1 - 85). Let t = 128 + y. Calculate the remainder when 128 is divided by t.
42
What is the remainder when 899 is divided by 1/((-7)/42) - (-63 + 7)?
49
Calculate the remainder when ((-1056)/(-18) + -3)/((-12)/(-36)) is divided by 3.
2
Let q = 745 - 578. What is the remainder when q is divided by 62?
43
Let r(f) = 2*f + 2. Let w be r(6). What is the remainder when 31 is divided by 1/(-2) + w/4 + 1?
3
Let l(s) = -5*s + 3. Let t be l(-11). Suppose -t = -4*b - 2. Suppose 0 = -26*r + 28*r - 110. Calculate the remainder when r is divided by b.
13
What is the remainder when 482 is divided by (1/2 - (-138)/12) + -5?
6
Let f = -36 - -105. Calculate the remainder when 410 is divided by f.
65
Let u(a) = a**2 + 69*a + 150. What is the remainder when 485 is divided by u(-68)?
75
Calculate the remainder when ((-1)/(-1) + 241)*(3 + -2) is divided by 60.
2
Let r(t) = -t**3 + 13*t**2 - t + 8. Let l be r(13). Let z(x) = x**3 + 5*x**2 - 5*x + 9. Calculate the remainder when z(l) is divided by 13.
8
Suppose 0 = 3*f - 5*l - 418, 4*l = -f + 164 - 2. Let b = f + -47. What is the remainder when b is divided by 20?
19
Let t = 13165 + -13032. Suppose 0 = -7*v + 4*v + 84. Calculate the remainder when t is divided by v.
21
Let n(r) = r**3 - 17*r**2 - 60*r + 10. Calculate the remainder when 16 is divided by n(20).
6
Suppose 0 = a - 4*j - 7, -j - 14 = -2*a. What is the remainder when 204 is divided by a?
1
Let r = 531 + -144. What is the remainder when r is divided by 13?
10
Let j = -1187 - -1261. What is the remainder when j is divided by 26?
22
Suppose -5*b - 75 = 5*c + 40, 15 = -3*c. Let i = -13 - b. Suppose 6*w - w - 3*n - 725 = 0, 0 = i*w + 2*n - 700. Calculate the remainder when w is divided by 29.
26
Suppose 5*f + 2*j = -70, -5*f - j + 3*j = 90. Let p = 26 + f. What is the remainder when 4/1*(p - -3) is divided by 18?
16
Let t be 3/(-2) + (-27)/(-2). Let k(l) = l - 2. Calculate the remainder when 68 is divided by k(t).
8
Let i = -1165 + 1178. What is the remainder when 245 is divided by i?
11
Suppose -3*d - 5787 